{"id":128,"date":"2019-11-13T14:35:11","date_gmt":"2019-11-13T13:35:11","guid":{"rendered":"http:\/\/www.cyclovilleauxdames.fr\/xcesvd\/?page_id=128"},"modified":"2019-11-13T21:49:33","modified_gmt":"2019-11-13T20:49:33","slug":"post-grid","status":"publish","type":"page","link":"http:\/\/www.cyclovilleauxdames.fr\/xcesvd\/","title":{"rendered":"L&rsquo;actu de la section"},"content":{"rendered":"\n      <div id=\"post-grid-lazy-125\" class=\"post-grid-lazy\"><img decoding=\"async\" alt=\"\" src=\"\" \/><\/div>\n    <script>\n      jQuery('#post-grid-lazy-125').ready(function($) {\n        $('#post-grid-lazy-125').fadeOut();\n        $('#post-grid-125   ').fadeIn();\n      })\n    <\/script>\n    <style type=\"text\/css\">\n      #post-grid-125 {\n        display: none;\n      }\n\n      .post-grid-lazy {\n        text-align: center;\n      }\n    <\/style>\n    <div data-options='{&quot;id&quot;:&quot;125&quot;,&quot;lazy_load&quot;:&quot;yes&quot;,&quot;masonry_enable&quot;:&quot;no&quot;,&quot;view_type&quot;:&quot;grid&quot;}' id=\"post-grid-125\" class=\"post-grid grid\">\n    \n\n\n    <div class=\"grid-items\">\n      <div class=\"item item-580 skin flat even 0 \">\n        <div class=\"layer-wrapper layout-\">\n        <div class=\"layer-media\"><a href=\"http:\/\/www.cyclovilleauxdames.fr\/xcesvd\/?p=580\"><img decoding=\"async\" alt=\"\" src=\"http:\/\/www.cyclovilleauxdames.fr\/xcesvd\/wp-content\/uploads\/2022\/01\/affiche-Gynepolitaine-VTT-2022-Reelle-Rouge-pdf-724x1024.jpg\" \/><\/a><\/div>\n  <div class=\"layer-content\">\n        <div class=\"element element_0  title_link \">\r\n                    <a target=\"\"\r\n                href=\"http:\/\/www.cyclovilleauxdames.fr\/xcesvd\/?p=580\">Inscription Gynepolitaine 2022 &#8211; Ouvert =&gt; CLOS d\u00e9sormais !!!<\/a>\r\n            <\/div>\r\n    <div class=\"element element_1  excerpt \">\r\n        Vous pouvez vous pr\u00e9-inscrire gratuitement ici, sinon +1\u20ac sur place.            <\/div>\r\n            <a class=\"element element_2  read_more \"\r\n            target=\"\"\r\n            href=\"http:\/\/www.cyclovilleauxdames.fr\/xcesvd\/?p=580\"><\/a>\r\n      <\/div>\n    <\/div>\n  <\/div><div class=\"item item-1229 skin flat odd 1 \">\n        <div class=\"layer-wrapper layout-\">\n        <div class=\"layer-media\"><a class=\"custom\" href=\"http:\/\/www.cyclovilleauxdames.fr\/xcesvd\/?p=1229\"><img decoding=\"async\" src=\"http:\/\/www.cyclovilleauxdames.fr\/xcesvd\/wp-content\/plugins\/post-grid\/assets\/images\/placeholder.png\" \/><\/a><\/div>\n  <div class=\"layer-content\">\n        <div class=\"element element_0  title_link \">\r\n                    <a target=\"\"\r\n                href=\"http:\/\/www.cyclovilleauxdames.fr\/xcesvd\/?p=1229\">GPX 2023<\/a>\r\n            <\/div>\r\n    <div class=\"element element_1  excerpt \">\r\n        Attention, chemins accessible uniquement pendant la rando car nous avons eu des autorisation speciales pour 2023. Lien : https:\/\/we.tl\/t-EDbluUIQTZ            <\/div>\r\n            <a class=\"element element_2  read_more \"\r\n            target=\"\"\r\n            href=\"http:\/\/www.cyclovilleauxdames.fr\/xcesvd\/?p=1229\"><\/a>\r\n      <\/div>\n    <\/div>\n  <\/div><div class=\"item item-1221 skin flat even 2 \">\n        <div class=\"layer-wrapper layout-\">\n        <div class=\"layer-media\"><a href=\"http:\/\/www.cyclovilleauxdames.fr\/xcesvd\/?p=1221\"><img decoding=\"async\" alt=\"\" src=\"http:\/\/www.cyclovilleauxdames.fr\/xcesvd\/wp-content\/uploads\/2023\/02\/Capture.jpg\" \/><\/a><\/div>\n  <div class=\"layer-content\">\n        <div class=\"element element_0  title_link \">\r\n                    <a target=\"\"\r\n                href=\"http:\/\/www.cyclovilleauxdames.fr\/xcesvd\/?p=1221\">Gyn\u00e9politaine 2023<\/a>\r\n            <\/div>\r\n    <div class=\"element element_1  excerpt \">\r\n        Hello amis VTTistes, voici l'affiche et le plan 2023 notre Gynepolitaine qui va vous emmener sur le secteur de Vernou            <\/div>\r\n            <a class=\"element element_2  read_more \"\r\n            target=\"\"\r\n            href=\"http:\/\/www.cyclovilleauxdames.fr\/xcesvd\/?p=1221\"><\/a>\r\n      <\/div>\n    <\/div>\n  <\/div><div class=\"item item-1104 skin flat odd 3 \">\n        <div class=\"layer-wrapper layout-\">\n        <div class=\"layer-media\"><a class=\"custom\" href=\"http:\/\/www.cyclovilleauxdames.fr\/xcesvd\/?p=1104\"><img decoding=\"async\" src=\"http:\/\/www.cyclovilleauxdames.fr\/xcesvd\/wp-content\/plugins\/post-grid\/assets\/images\/placeholder.png\" \/><\/a><\/div>\n  <div class=\"layer-content\">\n        <div class=\"element element_0  title_link \">\r\n                    <a target=\"\"\r\n                href=\"http:\/\/www.cyclovilleauxdames.fr\/xcesvd\/?p=1104\">Les photos de la gynepolitaine 2021<\/a>\r\n            <\/div>\r\n    <div class=\"element element_1  excerpt \">\r\n        http:\/\/www.cyclovilleauxdames.fr\/ma%20galerie\/MiniGal_Nano_0.3.5_SSE2\/MiniGal_Nano_0.3.5_SSE2\/index.php            <\/div>\r\n            <a class=\"element element_2  read_more \"\r\n            target=\"\"\r\n            href=\"http:\/\/www.cyclovilleauxdames.fr\/xcesvd\/?p=1104\"><\/a>\r\n      <\/div>\n    <\/div>\n  <\/div><div class=\"item item-687 skin flat even 4 \">\n        <div class=\"layer-wrapper layout-\">\n        <div class=\"layer-media\"><a href=\"http:\/\/www.cyclovilleauxdames.fr\/xcesvd\/?p=687\"><img decoding=\"async\" src=\"http:\/\/www.cyclovilleauxdames.fr\/xcesvd\/wp-content\/uploads\/2021\/02\/covid_19_gestes_barrieres-metro-1024x312.jpg\" \/><\/a><\/div>\n  <div class=\"layer-content\">\n        <div class=\"element element_0  title_link \">\r\n                    <a target=\"\"\r\n                href=\"http:\/\/www.cyclovilleauxdames.fr\/xcesvd\/?p=687\">Derni\u00e9res news pour la Gynepolitaines 2021<\/a>\r\n            <\/div>\r\n    <div class=\"element element_1  excerpt \">\r\n        Respecter les consignes COVID de la pr\u00e9f\u00e9cture ci-dessous Au titre du protocole sanitaire \u00e0 mettre en place, je vous communique            <\/div>\r\n            <a class=\"element element_2  read_more \"\r\n            target=\"\"\r\n            href=\"http:\/\/www.cyclovilleauxdames.fr\/xcesvd\/?p=687\"><\/a>\r\n      <\/div>\n    <\/div>\n  <\/div><div class=\"item item-546 skin flat odd 5 \">\n        <div class=\"layer-wrapper layout-\">\n        <div class=\"layer-media\"><a href=\"http:\/\/www.cyclovilleauxdames.fr\/xcesvd\/?p=546\"><img decoding=\"async\" alt=\"\" src=\"http:\/\/www.cyclovilleauxdames.fr\/xcesvd\/wp-content\/uploads\/2020\/06\/groupe-1024x483.jpg\" \/><\/a><\/div>\n  <div class=\"layer-content\">\n        <div class=\"element element_0  title_link \">\r\n                    <a target=\"\"\r\n                href=\"http:\/\/www.cyclovilleauxdames.fr\/xcesvd\/?p=546\">Reprise du VTT apr\u00e8s le confinement<\/a>\r\n            <\/div>\r\n    <div class=\"element element_1  excerpt \">\r\n        La section VTT de l'ESVD a reprit ses sorties en Mai pour reparcourir les traces des randos de la r\u00e9gion            <\/div>\r\n            <a class=\"element element_2  read_more \"\r\n            target=\"\"\r\n            href=\"http:\/\/www.cyclovilleauxdames.fr\/xcesvd\/?p=546\"><\/a>\r\n      <\/div>\n    <\/div>\n  <\/div><div class=\"item item-526 skin flat even 6 \">\n        <div class=\"layer-wrapper layout-\">\n        <div class=\"layer-media\"><a href=\"http:\/\/www.cyclovilleauxdames.fr\/xcesvd\/?p=526\"><img decoding=\"async\" alt=\"\" src=\"http:\/\/www.cyclovilleauxdames.fr\/xcesvd\/wp-content\/uploads\/2020\/03\/IMG_2126-768x1024.jpg\" \/><\/a><\/div>\n  <div class=\"layer-content\">\n        <div class=\"element element_0  title_link \">\r\n                    <a target=\"\"\r\n                href=\"http:\/\/www.cyclovilleauxdames.fr\/xcesvd\/?p=526\">Bilan Gynepolitaine 2020<\/a>\r\n            <\/div>\r\n    <div class=\"element element_1  excerpt \">\r\n        La section cyclo de l\u2019ESVD organisait dimanche la 9e Gyn\u00e9politaine VTT. Un rendez-vous incontournable pour les amoureux de randonn\u00e9e, organis\u00e9e            <\/div>\r\n            <a class=\"element element_2  read_more \"\r\n            target=\"\"\r\n            href=\"http:\/\/www.cyclovilleauxdames.fr\/xcesvd\/?p=526\"><\/a>\r\n      <\/div>\n    <\/div>\n  <\/div><div class=\"item item-504 skin flat odd 7 \">\n        <div class=\"layer-wrapper layout-\">\n        <div class=\"layer-media\"><a href=\"http:\/\/www.cyclovilleauxdames.fr\/xcesvd\/?p=504\"><img decoding=\"async\" src=\"http:\/\/www.cyclovilleauxdames.fr\/xcesvd\/wp-content\/uploads\/2020\/02\/FB_IMG_1582467865015-1-1024x768.jpg\" \/><\/a><\/div>\n  <div class=\"layer-content\">\n        <div class=\"element element_0  title_link \">\r\n                    <a target=\"\"\r\n                href=\"http:\/\/www.cyclovilleauxdames.fr\/xcesvd\/?p=504\">Reconnaissance Gynepolitaine 2020 !<\/a>\r\n            <\/div>\r\n    <div class=\"element element_1  excerpt \">\r\n        Hello a tous, Les vttistes reconnaissent le circuit 2020 de la Gynepolitaine \ud83d\ude07            <\/div>\r\n            <a class=\"element element_2  read_more \"\r\n            target=\"\"\r\n            href=\"http:\/\/www.cyclovilleauxdames.fr\/xcesvd\/?p=504\"><\/a>\r\n      <\/div>\n    <\/div>\n  <\/div><div class=\"item item-475 skin flat even 8 \">\n        <div class=\"layer-wrapper layout-\">\n        <div class=\"layer-media\"><a href=\"http:\/\/www.cyclovilleauxdames.fr\/xcesvd\/?p=475\"><img decoding=\"async\" alt=\"\" src=\"http:\/\/www.cyclovilleauxdames.fr\/xcesvd\/wp-content\/uploads\/2020\/01\/affiche.jpg\" \/><\/a><\/div>\n  <div class=\"layer-content\">\n        <div class=\"element element_0  title_link \">\r\n                    <a target=\"\"\r\n                href=\"http:\/\/www.cyclovilleauxdames.fr\/xcesvd\/?p=475\">Rando des Tanneurs \u00e0 Chateau-Renaud &#8211; 26\/01<\/a>\r\n            <\/div>\r\n    <div class=\"element element_1  excerpt \">\r\n        5 membres de la section VTT \u00e0 Chateau Renaud ce Dimanche            <\/div>\r\n            <a class=\"element element_2  read_more \"\r\n            target=\"\"\r\n            href=\"http:\/\/www.cyclovilleauxdames.fr\/xcesvd\/?p=475\"><\/a>\r\n      <\/div>\n    <\/div>\n  <\/div><div class=\"item item-457 skin flat odd 9 \">\n        <div class=\"layer-wrapper layout-\">\n        <div class=\"layer-media\"><a href=\"http:\/\/www.cyclovilleauxdames.fr\/xcesvd\/?p=457\"><img decoding=\"async\" src=\"http:\/\/www.cyclovilleauxdames.fr\/xcesvd\/wp-content\/uploads\/2020\/01\/020B2417-E7B1-4E59-B4EA-545DB1189BD6-724x1024.png\" \/><\/a><\/div>\n  <div class=\"layer-content\">\n        <div class=\"element element_0  title_link \">\r\n                    <a target=\"\"\r\n                href=\"http:\/\/www.cyclovilleauxdames.fr\/xcesvd\/?p=457\">Affiche de la Gynepolitaine 2020.<\/a>\r\n            <\/div>\r\n    <div class=\"element element_1  excerpt \">\r\n                    <\/div>\r\n            <a class=\"element element_2  read_more \"\r\n            target=\"\"\r\n            href=\"http:\/\/www.cyclovilleauxdames.fr\/xcesvd\/?p=457\"><\/a>\r\n      <\/div>\n    <\/div>\n  <\/div>    <\/div>\n    <div class=\"pagination\">\n      <div class=\"paginate\">\n    <span aria-current=\"page\" class=\"page-numbers current\">1<\/span>\n<a class=\"page-numbers\" href=\"http:\/\/www.cyclovilleauxdames.fr\/xcesvd\/index.php?rest_route=%2Fwp%2Fv2%2Fpages%2F128&#038;paged=2\">2<\/a>\n<a class=\"next page-numbers\" href=\"http:\/\/www.cyclovilleauxdames.fr\/xcesvd\/index.php?rest_route=%2Fwp%2Fv2%2Fpages%2F128&#038;paged=2\">Next \u00bb<\/a>  <\/div>\n  <style type=\"text\/css\">\n    #post-grid-125 .pagination .page-numbers {\n      font-size: 16px;\n      color: #000000;\n      background: #646464;\n    }\n\n    #post-grid-125 .pagination .page-numbers:hover,\n    #post-grid-125 .pagination .page-numbers.current {\n      background: #4b4b4b;\n    }\n  <\/style>\n  <\/div>\n      <script>\n          <\/script>\n    <style type=\"text\/css\">\n    #post-grid-125 .element_0 {\n      display: block;font-size: 21px;line-height: normal;padding: 5px 10px;text-align: left; text-decoration: none;    }\n\n    #post-grid-125 .element_1 {\n      display: block;font-size: 14px;padding: 5px 10px;text-align: left;    }\n\n    #post-grid-125 .element_2 {\n      display: block;font-size: 12px;font-weight: bold;padding: 0 10px;text-align: left;text-decoration: none;    }\n\n    #post-grid-125 .element_0:hover{}#post-grid-125 .element_1:hover{}#post-grid-125 .element_2:hover{}  <\/style>\n  <style type=\"text\/css\">\n    #post-grid-125 {\n      padding: 10px;\n      background-color: #000000;\n      background-image: url(http:\/\/www.cyclovilleauxdames.fr\/xcesvd\/wp-content\/plugins\/post-grid\/assets\/admin\/bg\/dark_embroidery.png);\n          }\n\n    #post-grid-125 .item {\n      padding: 0px;\n      background: #dd9933;\n          }\n\n    #post-grid-125 .item .layer-media {\n      height:auto;    }\n\n    @media only screen and (min-width: 0px) and (max-width: 767px) {\n      #post-grid-125 .grid-items {\n        text-align: center;\n              }\n\n      #post-grid-125 .item {\n        width: 90%;\n        margin: 10px;\n        display: inline-block;\n        vertical-align: top;\n        height:auto;      }\n    }\n\n    @media only screen and (min-width: 768px) and (max-width: 1023px) {\n      #post-grid-125 .grid-items {\n        text-align: center;\n              }\n\n      #post-grid-125 .item {\n        width: 280px;\n        margin: 10px;\n        display: inline-block;\n        vertical-align: top;\n        max-height:auto;      }\n    }\n\n    @media only screen and (min-width: 1024px) {\n      #post-grid-125 .grid-items {\n        text-align: center;\n              }\n\n      #post-grid-125 .item {\n        width: 280px;\n        display: inline-block;\n        margin: 10px;\n        vertical-align: top;\n        height:auto;      }\n    }\n\n      <\/style>\n  <\/div>\n\n","protected":false},"excerpt":{"rendered":"","protected":false},"author":1,"featured_media":0,"parent":0,"menu_order":0,"comment_status":"closed","ping_status":"closed","template":"","meta":{"_exactmetrics_skip_tracking":false,"_exactmetrics_sitenote_active":false,"_exactmetrics_sitenote_note":"","_exactmetrics_sitenote_category":0,"footnotes":""},"class_list":["post-128","page","type-page","status-publish","hentry"],"_links":{"self":[{"href":"http:\/\/www.cyclovilleauxdames.fr\/xcesvd\/index.php?rest_route=\/wp\/v2\/pages\/128","targetHints":{"allow":["GET"]}}],"collection":[{"href":"http:\/\/www.cyclovilleauxdames.fr\/xcesvd\/index.php?rest_route=\/wp\/v2\/pages"}],"about":[{"href":"http:\/\/www.cyclovilleauxdames.fr\/xcesvd\/index.php?rest_route=\/wp\/v2\/types\/page"}],"author":[{"embeddable":true,"href":"http:\/\/www.cyclovilleauxdames.fr\/xcesvd\/index.php?rest_route=\/wp\/v2\/users\/1"}],"replies":[{"embeddable":true,"href":"http:\/\/www.cyclovilleauxdames.fr\/xcesvd\/index.php?rest_route=%2Fwp%2Fv2%2Fcomments&post=128"}],"version-history":[{"count":2,"href":"http:\/\/www.cyclovilleauxdames.fr\/xcesvd\/index.php?rest_route=\/wp\/v2\/pages\/128\/revisions"}],"predecessor-version":[{"id":189,"href":"http:\/\/www.cyclovilleauxdames.fr\/xcesvd\/index.php?rest_route=\/wp\/v2\/pages\/128\/revisions\/189"}],"wp:attachment":[{"href":"http:\/\/www.cyclovilleauxdames.fr\/xcesvd\/index.php?rest_route=%2Fwp%2Fv2%2Fmedia&parent=128"}],"curies":[{"name":"wp","href":"https:\/\/api.w.org\/{rel}","templated":true}]}}